mmon divisor of x and b?
3
Let y = 36660 - 25725. What is the greatest common factor of 45 and y?
45
Let q = -1218 - -2268. What is the highest common factor of q and 168?
42
Let k(b) = 8*b. Let a(x) = 2*x**3 - 19*x**2 + 8*x + 12. Let v be a(9). Let s be k(v). What is the highest common factor of 12 and s?
12
Let w = -15104 + 16004. What is the highest common factor of 100 and w?
100
Let c be (-1)/(0 + -1) + -1 - -45. Let n = c - 46. Let h be (12/n)/(48/(-128)). Calculate the greatest common divisor of 160 and h.
32
Suppose 55*g = 1004201 - 311366. Calculate the highest common divisor of 26 and g.
13
Let m(v) = 535*v + 15. Let t be m(34). What is the highest common divisor of t and 55?
55
Suppose 2*u - 282 = 18. Let l = -4474 - -4534. What is the highest common factor of l and u?
30
Suppose 4*v + 0*v = 4*h - 12, -2*v - 10 = -4*h. Let j(y) = y**2 + 7*y - 3. Let s be j(-8). Calculate the highest common factor of h and s.
1
Let g be (1 + 14 + -23)/(6/(-585)). Calculate the highest common factor of 140 and g.
20
Let d(s) = -s**3 + 27*s**2 + 71*s - 1184. Let c be d(28). Calculate the highest common divisor of 10220 and c.
20
Let o be -7 + (-196)/(-35) + (-247842)/(-30). Calculate the greatest common divisor of 35 and o.
35
Let m(o) = -490*o - 4889. Let y be m(-10). What is the greatest common divisor of y and 43?
1
Let b = -388863 + 388882. Let v be 2/3 + 1708/3. Calculate the greatest common factor of b and v.
19
Let l = 12 + 104. Suppose -4*i + l = 40. Suppose 4*f - 5*f = z - 11, 2*f + 5*z - i = 0. Calculate the greatest common divisor of 24 and f.
12
Let k = 8919 - 6531. What is the highest common factor of k and 48?
12
Let a be (-418)/(-10) + (-22)/(-110). Suppose 6*k - 3*i = k + 141, -k - 4*i + a = 0. Calculate the greatest common factor of 75 and k.
15
Suppose 63*m + 2*j - 142 = 60*m, m - 3*j = 51. What is the highest common factor of m and 102?
6
Let k(j) = j**3 + 12*j**2 + 14*j - 123. Let h be k(-6). Calculate the highest common factor of 675 and h.
9
Suppose 3*h + 12 = 0, 22 - 236 = -2*s + 5*h. Let t = 92 - s. Let g be 5/(t/2) - -8. Calculate the highest common divisor of 12 and g.
6
Suppose 0 = 30*h - 82*h + 3640. Let v be (-3 - 1)/(2/(-7)). What is the greatest common divisor of v and h?
14
Let s(g) = g**3 - 2*g**2 + 5*g - 2. Let d be s(3). Let x = 9341 + -9335. Calculate the greatest common divisor of d and x.
2
Let b = -13868 + 20123. What is the greatest common divisor of b and 90?
45
Suppose 5*f = 1 + 9. Suppose -f*x - m - 19 = 3, 33 = -3*x - 3*m. Let w = 9 - x. What is the highest common factor of 8 and w?
4
Suppose -6*h = -3*h + 4*a - 4, h - 5 = -5*a. Suppose -4*f + h*p - p = -531, 0 = 3*p + 3. What is the greatest common divisor of 38 and f?
19
Suppose i - 49 = -7*q + 3*q, 3*i = 15. Calculate the highest common factor of 1683 and q.
11
Let c be 4/(-8) + 381/6. Suppose 5*r = r - d + 335, 15 = 5*d. Let f = r - 74. Calculate the highest common factor of c and f.
9
Suppose -5*d + 22 + 203 = 0. Suppose 7*h - 95 - d = 0. Let p be ((-50)/h)/((-1)/18). Calculate the highest common factor of 18 and p.
9
Let h = -22 - -103. Let l = 82 - h. What is the greatest common divisor of 11 and l?
1
Let n be 1 - (-11)/(-4) - (-28 + (-113638)/8). What is the highest common divisor of 266 and n?
133
Let k = -2631 - -2671. What is the greatest common divisor of k and 85?
5
Suppose 13 = 5*i - 2. Suppose -x - 45 = -16*x. Suppose 0 = i*y - y + 4*r - 422, -x*y + 630 = 5*r. What is the highest common divisor of 41 and y?
41
Let o be (-30)/20*4/(-6)*-9. Let w be (6/27)/((-1)/o). Let q be (-220)/(-33)*((-23)/(-2) + w). Calculate the greatest common divisor of 225 and q.
45
Let h(d) = 37*d**2 - 55*d + 371. Let v be h(9). What is the greatest common factor of 13 and v?
13
Suppose -5*w + 7416 = d, -w + 363 = 2*d - 1113. What is the greatest common factor of 84 and w?
28
Let p = -3290 + 3409. Calculate the highest common factor of 595 and p.
119
Let h = -19148 + 20957. What is the greatest common factor of 243 and h?
27
Suppose -4*f + 2*b + 760 = 0, 2*b = -4*f - b + 740. Let d = -173 + f. Calculate the greatest common factor of 555 and d.
15
Suppose 0 = -93932*l + 93909*l + 368. Calculate the greatest common divisor of l and 6568.
8
Let o = 31409 + -26683. What is the highest common divisor of o and 556?
278
Suppose -3 = -78*o + 81*o. Let a be o*(-3 + (-6)/1). Calculate the greatest common factor of 99 and a.
9
Let y = 2036 - 1813. What is the greatest common divisor of 1 and y?
1
Let p be 12*-11*(-33)/99. Let s be -6*(-6)/9*33/p. What is the highest common factor of 12 and s?
3
Suppose 28*u = -99*u + 567563. Calculate the highest common factor of 41 and u.
41
Let m(b) = b**3 - 8*b**2 - 26*b - 12. Let d be m(11). Let c(h) = 454*h**2 + 2*h + 3. Let i be c(-1). What is the highest common divisor of i and d?
65
Let p = -1385 + 1415. Let s be 3/9 - 123/(-9). Let q = p - s. Calculate the greatest common factor of q and 48.
16
Suppose 5*q = 19*f - 17*f - 259, 0 = -2*q + 14. Calculate the greatest common divisor of f and 63.
21
Let i(y) = 2*y + 103. Let n be i(23). Let j = n + -41. What is the greatest common factor of j and 81?
27
Let x be ((0 - 3) + 1)*2/(-2). Suppose -756 = -2*d + x*j, 15*j - 17*j - 1881 = -5*d. Calculate the greatest common divisor of d and 225.
75
Suppose 14*v - 12*v = 2*s + 1256, -3120 = -5*v + s. What is the highest common divisor of v and 56?
7
Suppose -15*f - 41963 = -57323. Calculate the highest common divisor of 832 and f.
64
Suppose 2*s - 2891 + 767 = 2*i, -4*s + 4256 = -2*i. What is the highest common divisor of s and 234?
26
Suppose -2*t - w + 205 = 0, -14*w = -9*w - 25. Let v = -40 + t. What is the greatest common factor of v and 36?
12
Let u(o) = -o**3 - 3*o**2 + 4*o + 5. Let z be u(-4). Suppose 12*j - 203 = z*j. Calculate the highest common divisor of j and 232.
29
Let v(d) = -d**3 - d**2 + 9*d - 6. Let t be v(-6). Let o be (-16)/t - (-9848)/60. Calculate the greatest common divisor of 41 and o.
41
Let j(l) = -14*l + 102. Let k be j(7). Suppose -3*g + a + 46 = 2*a, 5*a = k*g - 74. What is the highest common divisor of 32 and g?
16
Let d = 22 - -3. Let u be -15*((-20)/d)/4. What is the highest common factor of 1 and u?
1
Suppose -16*g = -15*g + 4*h - 16, 0 = -3*g + 2*h + 20. Suppose p = 7*z - 3*z - 796, -4*p = 4*z - 816. What is the greatest common factor of g and z?
8
Suppose 0 = -3*y - 3*u + 537, 6*y + 3*u - 355 = 4*y. Let s(p) = p**2 - 237*p - 23515. Let w be s(-76). Calculate the greatest common divisor of w and y.
91
Suppose -260 = 16*i + 380. Let c be (1 + (0 - 2))/(5/i). Suppose 5*k - 37 = 3*z, -k + 6*k = -4*z + 44. Calculate the highest common factor of k and c.
8
Let t(n) = -20*n - 7*n**2 - 11 + 4*n + 2*n**3 + 15*n. Let j be t(5). What is the highest common factor of 413 and j?
59
Let o = 9 + -6. Let n = 452 - 449. Suppose -n*h - 4*w + 5*w = -41, -2*w = 2*h - 38. What is the highest common divisor of o and h?
3
Suppose 0*w - 2*w = -10, -265 = -3*h + w. Suppose 5*f - g = 265, 4*f = 8360*g - 8361*g + 221. Calculate the greatest common divisor of f and h.
18
Suppose 3*z + 6160 = 25*z. Calculate the highest common divisor of 406 and z.
14
Suppose 32*x - 6*x + 3*x - 247515 = 0. Calculate the greatest common factor of 30 and x.
15
Let u = 2 - 0. Let w(q) = 5*q**3 + 6*q**2 + 7*q + 6. Let f be w(-4). Let y = -244 - f. Calculate the highest common divisor of u and y.
2
Suppose 109*v - 49737 + 23173 = 78730. What is the highest common factor of 1344 and v?
42
Let b = 4556 - 4493. Calculate the greatest common factor of b and 171.
9
Suppose -5*a = 6*x - 4*x + 480, -2*a - 240 = x. Let q be (-1 - 3)/(-3*(-4)/x). What is the highest common factor of q and 10?
10
Let h = -1202 - -1825. Let f = h + -617. What is the highest common divisor of 46 and f?
2
Let t(c) = c**3 + 14*c**2 + 41*c + 22. Let y be t(-7). Suppose -3*o = -5*x + 245, -3*x - 3*o + 171 = -0*o. What is the greatest common factor of y and x?
26
Let w(s) = -2*s + 70. Let x be w(21). Let o = x - 25. Calculate the greatest common factor of o and 5.
1
Suppose 0*a - 2*a = 5*v - 55, a + 10 = 5*v. Let q = a - -54. Calculate the greatest common factor of q and 23.
23
Suppose 5*i - 95 = -5*o, 4*o - 2 = i + 94. Suppose -3 = 4*a - o. Suppose -a*w + 225 = -0*w. Calculate the highest common